 + 6 + -36 + 28?
-2
Calculate -1 + (13 - 18) - (-1 - -5).
-10
What is -2 - (-5 + 8 - 4)?
-1
(-4 - (1 - 3)) + -2
-4
Calculate -6 + (8 - 2) + -4.
-4
What is -2 + 0 + 4 + 1?
3
What is -6 + 0 - (0 + 14 + -16)?
-4
Evaluate 4 - (5 - -2) - 0.
-3
Calculate -1 - -6 - (8 - (-6 - -4)).
-5
Evaluate (27 - 29) + 6 + 1 + 3.
8
Evaluate (-3 - (1 - 0)) + (227 - 224).
-1
Calculate (2 - (7 - 3)) + 10 - 7.
1
What is the value of 3 - (3 + (-4 - -3) + -2)?
3
Evaluate (-3 + 2 - 6) + 3.
-4
Calculate -34 - -31 - (-1 - (9 + -1)).
6
-19 + (8 - -1) + 5 + -3
-8
What is 18 + -15 + 1 + 1?
5
-23 + 19 + (-3 - -8)
1
What is the value of 162 + -162 + (1 - -4)?
5
What is -1 + 3 + -1 + 2 - 8?
-5
6 + (4 - (-4 - -22)) + 1
-7
19 + -51 + 24 - (-1 + 1)
-8
What is (33 - 33) + 1 + 1 + -2?
0
Evaluate (-10 - -11) + 5 - 2.
4
What is 8 + -8 + -4 + 2?
-2
Calculate (-1 - -1) + (-41 - -43).
2
What is the value of -9 - -3 - (-8 + 9)?
-7
What is (-6 - -8 - 7) + -4?
-9
Evaluate -6 + 5 - (6 + -6).
-1
Calculate -6 - (-6 + 3 + (4 - 3)).
-4
Calculate 0 + -1 + (10 - 2) + -3.
4
Calculate -1 + (0 + -10 - -18).
7
What is -17 + 13 + -2 + 1?
-5
Calculate (4 - 5) + (-2 - -2) + 2.
1
3 - (4 + -7 - -8)
-2
4 + 5 + -4 + -2
3
-4 + (4 - 6) + 6
0
What is the value of (-2 + 3 - 1) + -5?
-5
What is 14 + -6 - 2 - (-1 - -2)?
5
-1 + (-4 - (-4 - -2 - 0))
-3
What is the value of 11 + (1 - 4 - 9)?
-1
What is the value of 0 + -5 + (-1 - (3 - 5))?
-4
Evaluate 12 - 9 - (2 + -2).
3
What is the value of 1 - (-1 - -3) - (-2 - 3)?
4
Calculate -8 - ((7 - -1) + -16).
0
8 - (-11 + 26 + 0 + -5)
-2
What is -2 + 1 + 5 - -3?
7
What is 4 - (-1 - -5) - 2?
-2
What is the value of 2 + -14 + -1 + 4?
-9
-5 + 1 - (4 + (-5 - -2))
-5
What is -5 + 0 + 2 - (-2 + -6)?
5
-5 - (1 - (-5 + 8))
-3
0 + 5 + 4 + -8 + -2
-1
What is the value of 7 - (4 + 2 + 44 + -45)?
2
Calculate -2 + 5 + -7 + 3 + 4.
3
Evaluate -6 - (-4 - (0 + 5 - 10)).
-7
What is the value of -1 + 0 + -1 - (2 + -3)?
-1
4 + -4 + (-5 - 0)
-5
Calculate -7 + 2 + 3 + (3 - 6).
-5
Calculate (60 - 48) + (-6 - 1) + -2.
3
Calculate -7 + (0 - -2 - 2) + 2.
-5
Evaluate 4 - (3 - (-2 + 0)).
-1
What is the value of 0 + 4 + -12 + 9 - -1?
2
What is -2 + -4 + (4 - -1)?
-1
What is the value of 0 + 2 + -4 - (62 - 59)?
-5
Evaluate 1 + 6 - (4 - (-2 + -1)).
0
What is the value of -11 + 15 - (1 + (0 - 1))?
4
What is the value of 0 - (-7 + 5) - 1?
1
1 - (-8 - (1 - 7))
3
-4 - (4 + -2 - 10)
4
Evaluate 0 + (-1 - (4 + 1 - 11)).
5
Calculate (-7 - -4) + 3 - -2.
2
Evaluate (3 - -3) + -3 + -3.
0
Evaluate -1 + (3 - (12 + 2 + -6)).
-6
What is -1 + -7 - (-2 + -1)?
-5
-1 + (0 - 3) - -5
1
What is -12 - (-2 - (10 + -8))?
-8
-7 - (5 - (-3 + 10)) - 0
-5
Evaluate 3 + 0 + -4 - 2.
-3
What is the value of 1 + 4 + (1 - 2) + 0?
4
What is 1 + 6 - (18 - 18)?
7
(0 + 4 + -1 - 7) + 3
-1
Calculate -12 - -3 - (-6 - -2).
-5
Calculate -7 + ((4 - 7) + 2 - -4).
-4
-6 + ((0 - -5) + -8 - -8)
-1
Evaluate -1 + (-9 + 2 - -3).
-5
Evaluate (14 - 2 - 7) + (-11 - -1).
-5
What is the value of 1 + (3 - (2 - -3)) - 4?
-5
Evaluate 7 - (-5 - (-31 + 12)).
-7
Calculate 2 - 5 - (-2 - -8 - 5).
-4
What is -1 + 3 + -3 + 6 + -3?
2
What is the value of -6 + 8 - (1 + -4)?
5
-9 - 0 - ((-10 - -5) + 1)
-5
Evaluate (3 - 2) + -4 + -4 + 2.
-5
2 + 1 - 9 - (-22 + 21)
-5
What is the value of -1 - (13 - (-3 + 0 - -8))?
-9
Calculate 0 + (-5 - -1) + 2.
-2
Evaluate -3 - (-1 + 4 + -3 - -1).
-4
Calculate -8 + (30 - 27 - (-2 - 0)).
-3
(4 - (-5 + 8 + 4)) + -1
-4
Calculate (1 - -2) + (-24 - -23) + -2.
0
What is the value of 3 + 0 - 4 - 6?
-7
Evaluate (-6 - -3) + 4 + -5.
-4
-3 - (2 + -2 + 2)
-5
What is -3 - (2 - 3) - (7 + -3)?
-6
What is the value of 3 - (-1 - -6) - -2 - -2?
2
-7 + 2 + -4 - -9
0
Evaluate 6 + 8 - (-2 + 9).
7
What is (2 + -2 - 2) + 3?
1
Evaluate 4 - (-3 + 6 + (-5 - -2)).
4
Evaluate (-4 - (2 + -4)) + 5.
3
-7 - -6 - -4 - (0 - 2)
5
3 + -10 + -4 - -5
-6
What is the value of 4 + -2 + 0 + -3 + -5?
-6
What is 11 + -6 + (3 - -2) + -6?
4
What is 2 + -3 + 1 + -7 + 11?
4
11 + -4 + -11 - 0
-4
What is the value of 3 - (-10 - (7 - 29))?
-9
3 + (0 - 3) - 0 - -3
3
Calculate (0 - 14) + 20 + -16 + 3.
-7
What is (0 - (-6 - (-5 + 1))) + 2?
4
What is -6 - (4 - 12) - (-2 + -1)?
5
(8 - ((-6 - -11) + -7)) + -5
5
What is 0 + 4 - (1 - 14 - -15)?
2
Calculate (-36 - -33) + 5 + 1.
3
Calculate 0 + -7 + -1 + 2 - -3.
-3
What is the value of 0 + -8 - (-18 - -12)?
-2
What is -7 - (4 + -5 + -1)?
-5
0 + -5 - (-13 + 3 + 0)
5
What is the value of -1 + (-1 - (2 + 1 + -4))?
-1
What is -3 - (-7 - (3 - 5 - 5))?
-3
What is the value of -5 - (2 - (8 + -4))?
-3
What is the value of 2 - (-6 + 0) - (0 - -5)?
3
What is the value of 5 + -6 - -3 - (-2 + -1)?
5
Calculate -5 - ((-8 - -3) + 2 + 5).
-7
What is the value of -3 + 2 + 8 + 1?
8
What is (1 - 0) + 0 - (-6 + 6)?
1
What is the value of -62 + 58 - (2 + (1 - -1))?
-8
Calculate (-30 - -49 - 27) + (-3 - -1).
-10
What is the value of 14 + (-7 - 1) - 14?
-8
Evaluate -1 + (2 - -1 - -1) + -6.
-3
Evaluate -9 - (-3 - 24) - 11.
7
What is -2 + (-6 - -1) + -8 + 11?
-4
Calculate 2 + (-3 - (-3 + 2)).
0
Evaluate (-1 + -4 - -5) + -1.
-1
0 - (-4 - (5 - 6))
3
What is the value of -3 + 2 - (-16 + 16)?
-1
2 - (1 - (-2 + 2))
1
Evaluate 1 - 2 - (9 + 0 + -11).
1
-8 - (-8 + 5 + -8)
3
What is the value of -4 + 8 + 1 + -4 + 2?
3
Calculate -7 + (9 - (-1 + 3)).
0
Calculate 3 + (-2 - 0) + -1 + -4.
-4
Evaluate 13 - 11 - (-4 + 2 + 8).
-4
Calculate (5 - ((-1 - -2) + 6)) + -7.
-9
8 + -1 + 0 - (8 - 5)
4
6 - (11 - 6 - (-1 - -2))
2
-3 + 5 - 2 - (0 + 3)
-3
Calculate 6 - (10 + -10 - 1).
7
Calculate (-1 + 6 + 1 - 8) + 2.
0
What is (-5 - -5) + 3 - -7?
10
What is the value of 4 - (7 + (5 - 9))?
1
What is -6 - (-3 + 3 + (0 - 1))?
-5
Calculate -12 + 11 + -9 - -2.
-8
Evaluate 13 + -29 + 6 - (2 - 7).
-5
What is the value of -1 + 4 + -3 + -1 + 2?
1
Evaluate 2 + -9 + 1 + -2.
-8
Evaluate (-7 - (2 - 1)) + 4.
-4
-1 + 7 + 17 + -19
4
Calculate -5 - -1 - (-13 + 10).
-1
4 - ((-8 - -5) + 9)
-2
What is the value of 1 + -7 + 2 + 0?
-4
What is the value of -4 + (0 + 1 - (0 - -2))?
-5
What is (-7 - -12) + 0 + -4?
1
Evaluate -6 - (-1 + -4 + 2 + 3).
-6
What is the value of 12 - -2 - (-2 + 24)?
-8
What is (1 - (-1 + 7)) + -2 + 4?
-3
What is 2 + (6 - -2) + -12?
-2
Calculate -14 + (13 + -16 - -20).
3
-7 - -2 - (-3 - (1 - 2))
-3
Evaluate 11 + -2 + -6 - (-1 - 1).
5
Calculate -3 - (-2 + (2 - 2)).
-1
(-6 + (5 - 3) - -4) + -2
-2
-5 + 1 + -85 + 85
-4
Evaluate (-9 - 2) + 47 + -36.
0
3 - (1 + 0 + 3)
-1
Calculate 5 + 0 + (-14 + 8 - -2).
1
What is (-6 - -13 - 15) + 15?
7
Evaluate 3 - (-1 - (0 - 1 - 0)).
3
What is 0 - (-5 + (3 - 0)) - 5?
-3
What is -1 + 0 - (-1 + -1)?
1
Evaluate (0 - 10) + (4 + 3 - 2).
-5
What is the value of (15 + -2 + -6 - 6) + 0?
1
Evaluate -9 - (3 - (10 + -2)) - 3.
-7
What is the value of 14 - (-4 + 5 + 15)?
-2
Evaluate -1 + -1 + (-8 - -5).
-5
Evaluate -3 + 6 - (1 - (2 - 5)).
-1
What is the value of -7 - ((3 - 13) + -2)?
5
Calculate 0 + 2 + -3 + 0 + -4.
-5
What is the value of (-1 + (7 - 4) - 2) + 1?
1
Calculate (-10 - 2) + (-60 - -74).
2
What is 1 + (-4 - (-10 + 2))?
5
5 + (4 - 8) + 2 + 0
3
Evaluate (8 + 5 - 9) + 1.
5
2 + -1 + (0 - -4)
5
What is the value of 1 + (0 - 0) - -2?
3
86 - 87 - (1 + (-4 - -2))
0
What is 9 - (-13 - -7 - -18)?
-3
Calculate (11 - 8) + -5 + 6.
4
What is (2 - 1 - 0) + 7 - 15?
-7
What is -4 - ((-7 - -1) + -3)?
5
Evaluate -12 - (5 - 4 - 4).
-9
What is the value of -4 + 6 + (-2 - 1)?
-1
Evaluate 7 - (-2 + -7 + 14).
2
What is 6 + -4 + 0 - (1 + 4)?
-3
Evaluate 6 - (10 + (-10 - -8)).
-2
What is the value of (2 - 5) + (2 - -2) + -1?
0
(9 - 4) + (-2 - (3 - 2))
2
What is the value of -21 + 24 - (1 - 1)?
3
What is 56 + -62 + (0 - -9)?
3
Calculate 0 + -1 + (-7 - -10).
2
What is -2 - ((2 - 7) + (10 - 4))?
-3
-1 + 4 + (6 + -2 - 11)
-4
3 + 1 - (-2 + 11 + -6)
1
(5 - 2) + (5 - (14 - 4))
-2
What is the value of -6 + 1 - (27 - -2 - 30)?
-4
-2 + (-4 - (-4 + -5)) + -7
-4
Evaluate -2 + -7 - (-6 + (0 - -2)).
-5
Calculate 2 - (-2 - (-1 - 2)).
1
-1 - (-19 + 21 + 2 + -2)
-3
Calculate -10 - (1 + -6 + 0) - -5.
0
Calculate -10 + (5 - -4 - 4).
-5
Evaluate 0 + (-7 - -8) + -2.
-1
-5 + 2 + -4 + -30 + 47
10
Calculate (16 - 19) + -2 + 2.
-3
What is the value of 1 + -4 - (17 + -17)?
-3
What is the value of 3 + -4 - (23 + -23)?
-1
Calculate 4 + (1 - 5 - 5).
-5
What is the value of 3 - 0 - (-8 + 18 - 3)?
-4
What is -3 - (-8 - -1 - 